 137. Give w(-8).
-311
Let k(p) = -1997*p + 103847. Determine k(52).
3
Let z(f) = -195*f + 3333. Calculate z(17).
18
Let k(o) = -o**3 - 261*o**2 + 198*o - 16770. What is k(-262)?
-2
Let r(q) = -q**2 + 26*q + 2533. Determine r(-39).
-2
Let q(s) = 2*s**3 + 8*s**2 - 7*s - 14. What is q(-6)?
-116
Let o(u) = -u**2 + 2*u + 589. What is o(-24)?
-35
Let n(a) = 55*a - 2816. Calculate n(51).
-11
Let d(g) = -8*g**2 + 8*g + 4. Determine d(2).
-12
Let q(h) = 29*h**2 - 338*h + 57. What is q(11)?
-152
Let f(t) = 21*t**3 - 153*t**2 - 145*t + 7. Determine f(-1).
-22
Let f(w) = -w**2 + 95*w - 823. Determine f(85).
27
Let d(b) = b**3 + 107*b**2 - 1680*b + 1694. Calculate d(-121).
0
Let z(f) = 613*f + 5520. Determine z(-9).
3
Let j(s) = 2*s**3 - 14*s**2 + 13*s - 10. Determine j(5).
-45
Let s(l) = 1370*l - 47. What is s(0)?
-47
Let q(k) = 1615*k + 17736. What is q(-11)?
-29
Let g(o) = -o**2 - 13*o - 135. Give g(-25).
-435
Let t(q) = -3*q**2 + 30*q + 434. Give t(18).
2
Let t(k) = 27*k**2 + 134*k - 100. Calculate t(-6).
68
Let p(k) = -2*k**2 - 3*k + 206. Determine p(9).
17
Let x(y) = 4*y + 184. Determine x(-40).
24
Let t(w) = w**3 - 2*w**2 - 7*w - 6. Give t(3).
-18
Let u(v) = -18*v**2 - 2990*v - 334. Give u(-166).
-2
Let a(x) = -8770*x + 52643. Give a(6).
23
Let t(v) = v**3 + 53*v**2 - 858*v - 12. Determine t(-66).
-12
Let g(i) = 9*i**2 + i - 35. What is g(4)?
113
Let z(l) = -1538*l + 149182. Give z(97).
-4
Let u(q) = 380*q**2 - 11401*q + 15. What is u(30)?
-15
Let x(c) = 5*c**3 + 11*c**2 + 35*c + 123. Determine x(-3).
-18
Let g(j) = j**2 + 547*j - 5009. Give g(9).
-5
Let o(y) = -y**2 + 20*y - 45. Calculate o(12).
51
Let r(t) = -t**3 - 3*t**2 + 19*t - 10. Give r(-9).
305
Let s(c) = -56*c + 2641. Calculate s(47).
9
Let a(n) = n**3 + 129*n**2 - 142*n - 1555. Give a(-130).
5
Let d(q) = q**2 - 11*q - 422. Calculate d(30).
148
Let g(o) = o**3 - 44*o**2 + 391*o - 33. Give g(13).
-189
Let i(p) = 9*p**2 + 59*p - 96. Determine i(-8).
8
Let b(y) = y**3 - 21*y**2 + 39*y - 377. What is b(20)?
3
Let p(z) = -4*z**3 + 8*z**2 + 16*z - 1. Calculate p(-3).
131
Let m(v) = 15*v + 308. Calculate m(-23).
-37
Let m(b) = 2479*b + 12392. What is m(-5)?
-3
Let j(k) = 3*k**3 - 95*k**2 + 63*k - 32. Give j(31).
-1
Let q(u) = -u**3 - 13*u**2 - 27*u + 21. Calculate q(-3).
12
Let v(d) = -1844*d + 84819. Calculate v(46).
-5
Let m(w) = -34*w + 310. Give m(10).
-30
Let j(z) = -3384*z - 54112. Determine j(-16).
32
Let r(d) = -d**3 - 30*d**2 + 20*d - 112. Give r(-31).
229
Let u(d) = d**2 - 203*d + 6691. Determine u(162).
49
Let o(c) = 31*c**2 + 4*c + 6. What is o(-2)?
122
Let i(s) = -824*s - 107950. Calculate i(-131).
-6
Let l(f) = f**2 + 4*f - 50. Calculate l(16).
270
Let y(a) = 7756*a - 3. Determine y(0).
-3
Let l(a) = -19*a + 547. What is l(31)?
-42
Let r(n) = 2*n**3 - 773*n**2 + 369*n + 6557. Calculate r(386).
-5
Let m(y) = 196*y**2 - 4113*y - 66. Give m(21).
-3
Let q(v) = 39*v + 764. What is q(-20)?
-16
Let g(w) = 20*w**2 + 96*w - 121. What is g(-6)?
23
Let h(z) = -z**2 + 31*z + 312. Give h(32).
280
Let t(c) = 641*c + 33334. Calculate t(-52).
2
Let j(k) = -k + 44. Determine j(64).
-20
Let l(m) = m**3 - 23*m**2 - 29*m + 127. Give l(24).
7
Let d(z) = -21*z**2 + 131*z - 131. Determine d(1).
-21
Let k(t) = 25*t - 759. What is k(43)?
316
Let f(i) = i - 48. What is f(0)?
-48
Let m(w) = 3*w**2 + 36*w - 397. Calculate m(9).
170
Let j(o) = -49*o**3 - 9*o**2 + 28*o + 3. What is j(2)?
-369
Let o(f) = 49*f**2 - 13225*f - 1375. What is o(270)?
-25
Let a(w) = -71*w + 788. Determine a(11).
7
Let u(t) = -11*t**3 - 66*t**2 - 3*t - 8. Calculate u(-6).
10
Let r(d) = -3*d**3 + 31*d**2 - 14*d - 246. Give r(9).
-48
Let x(h) = h**3 - 16*h**2 + 38*h + 11. What is x(14)?
151
Let p(s) = -3*s + 34. Calculate p(8).
10
Let v(j) = -8*j + 1. Give v(6).
-47
Let x(u) = 31*u + 256. Give x(-8).
8
Let k(a) = -762*a + 47995. Determine k(63).
-11
Let k(h) = -2*h**2 - 48*h - 119. Give k(-21).
7
Let l(g) = g**3 - 14*g**2 - 10*g - 89. Determine l(14).
-229
Let z(x) = -x**3 + 102*x**2 + 105*x - 132. Determine z(103).
74
Let v(s) = 4592*s - 73465. Give v(16).
7
Let z(k) = 3*k**3 + 174*k**2 + 176*k + 280. Determine z(-57).
-5
Let c(o) = 3558*o + 7097. Give c(-2).
-19
Let w(o) = 2*o**2 + 85*o + 527. Give w(-35).
2
Let i(t) = -t**2 - 56*t + 526. What is i(10)?
-134
Let h(w) = -w**3 + 322*w**2 + 650*w - 652. What is h(324)?
-4
Let r(m) = -2*m**3 + 62*m**2 + 241*m - 5668. Calculate r(32).
-4
Let b(z) = -z**2 - 84*z - 817. Determine b(-12).
47
Let x(s) = 2*s**2 + 3*s - 70. Determine x(7).
49
Let x(p) = p**2 + 9*p + 16. Determine x(-9).
16
Let y(t) = -2*t**2 + 380*t - 4272. Give y(12).
0
Let s(f) = -68*f + 1924. Give s(29).
-48
Let x(c) = c**3 - 12*c**2 + 23*c - 17. Give x(10).
13
Let a(t) = -98*t**3 + t**2 + 2*t + 2. Calculate a(-1).
99
Let x(w) = -5*w**2 + 541*w - 667. Calculate x(107).
-25
Let f(w) = -w**3 + 3*w**2 + 58*w + 63. Calculate f(10).
-57
Let y(f) = -2*f**3 + 50*f**2 - 47*f - 19. Calculate y(24).
5
Let b(c) = -11*c**3 - 18*c**2 + 40*c + 2. Determine b(2).
-78
Let u(g) = 19*g + 21. Determine u(-4).
-55
Let y(b) = 217*b - 1278. Calculate y(6).
24
Let w(b) = -11*b - 35. Give w(-12).
97
Let b(v) = -5*v**2 - 28*v + 1. Determine b(-7).
-48
Let b(c) = -5*c**2 + 16*c + 114. Calculate b(-6).
-162
Let j(o) = 34*o**2 - 12*o + 22. Calculate j(2).
134
Let c(b) = -12*b + 293. Calculate c(0).
293
Let i(p) = 4*p**3 - p**2 + 20*p + 79. What is i(-4)?
-273
Let c(f) = -21*f**3 + 275*f**2 - 24*f - 17. Give c(13).
9
Let y(d) = -3*d**2 + d + 55. Give y(7).
-85
Let o(l) = -5*l**2 - 447*l - 174. Give o(-89).
4
Let b(k) = k**3 - 2*k**2 - 8*k + 13. What is b(2)?
-3
Let f(b) = b**2 + 33*b - 2547. Calculate f(35).
-167
Let z(r) = 162*r - 7979. Give z(49).
-41
Let s(b) = -70*b + 14201. Give s(203).
-9
Let b(k) = 37*k - 65. Determine b(6).
157
Let p(h) = -h**2 + 11*h + 273. Determine p(35).
-567
Let q(u) = 3*u**2 - 35*u + 23. Determine q(14).
121
Let k(r) = 10*r**2 - 403*r - 2772. What is k(-6)?
6
Let i(o) = 189*o - 11886. What is i(63)?
21
Let s(k) = k**3 - 11*k**2 + 25*k - 132. What is s(11)?
143
Let o(g) = -9*g - 526. Give o(-59).
5
Let z(r) = r**3 - 145*r**2 - 1718*r + 8. Calculate z(-11).
30
Let z(a) = 10*a**3 - 529*a**2 - 47*a - 307. Give z(53).
11
Let z(q) = q**2 + 19*q + 131. What is z(-12)?
47
Let c(i) = 483*i - 551. Determine c(0).
-551
Let t(c) = 23*c**3 + c**2 - 3*c + 3. Determine t(2).
185
Let v(t) = t**3 - 15*t**2 + 36*t - 406. Determine v(15).
134
Let l(q) = 14*q**3 + 86*q**2 + 47*q + 208. Determine l(-6).
-2
Let r(d) = -2*d**3 - 225*d**2 + 118*d + 601. Calculate r(-113).
36
Let w(q) = -7*q**2 - 521*q + 293. Calculate w(-75).
-7
Let j(t) = -t**3 + 14*t**2 + 29*t - 2. Give j(-2).
4
Let g(y) = -49*y - 14. Determine g(-3).
133
Let i(a) = 11*a + 545. Determine i(-24).
281
Let l(r) = 6*r**2 + 336*r - 840. Calculate l(-58).
-144
Let w(t) = 851*t - 11060. Calculate w(13).
3
Let w(y) = -133*y - 1869. Give w(-14).
-7
Let j(z) = 2*z**3 + 30*z**2 + 61*z + 117. What is j(-13)?
0
Let g(z) = -18*z**3 - 111*z**2 - 18*z + 8. What is g(-6)?
8
Let h(j) = -j**3 - 8*j**2 + 18*j + 10. Determine h(3).
-35
Let h(a) = -21*a + 1820. Determine h(87).
-7
Let v(q) = 5*q**2 - 54*q + 89. Determine v(9).
8
Let k(v) = 5*v + 142. Give k(-28).
2
Let q(z) = -63*z**2 - 8760*z - 431. Determine q(-139).
-14
Let d(n) = -42*n - 1668. Give d(-40).
12
Let z(h) = 2*h**3 + 73*h**2 - 706*h - 52. Calculate z(8).
-4
Let o(p) = -p**3 + 3*p**2 + p + 27. Give o(4).
15
Let y(o) = 27*o**2 - 4*o + 38. Give y(0).
38
Let w(o) = 3*o**3 + 10*o**2 - 137*o + 9. Calculate w(6).
195
Let l(p) = -870*p + 3492. Calculate l(4).
12
Let y(b) = 6*b**2 - 42*b - 59. What is y(9)?
49
Let s(p) = -2*p**2 + 90*p - 462. What is s(6)?
6
Let t(b) = 1054*b - 757. Calculate t(2).
1351
Let z(w) = 6*w**2 + 559*w + 45. Determine z(-93).
-48
Let w(x) = 4*x**3 - 19*x**2 + 36*x - 2. Determine w(2).
26
Let g(s) = 14*s. Determine g(-1).
-14
Let i(g) = 23828*g + 47655. Determine i(-2).
-1
Let z(q) = 2*q**3 - 47*q**2 + 172*q - 11. What is z(19)?
8
Let n(j) = -27*j**3 + 141*j**2 - 24*j - 10. What is n(5)?
20
Let l(m) = -2*m**2 + 66*m + 57. What is l(15)?
597
Let h(z) = z**3 - 75*z**2 - z + 129. Calculate h(75).
54
Let f(l) = l**3 - 5*l**2 - 2*l + 17. What is f(6)?
41
Let c(n) = 3*n**2 - 33*n - 244. Determine c(-6).
62
Let b(v) = -4